divided by 207.
139
Suppose 2*q + q - 88 = -2*j, -2*q + 2*j = -52. Suppose 6*l - q = -l. What is the remainder when 38 is divided by l?
2
Suppose -6 + 3 = -3*s, 2*y = 5*s - 25. Calculate the remainder when 81 is divided by ((-21)/15)/7 + (-172)/y.
13
Let s = 6426 + -6083. What is the remainder when s is divided by 43?
42
Let q(c) = 2*c**2 - 3. Suppose -3*l - 15 = 2*h, 3*h - 4*h - 2*l - 10 = 0. Suppose h = -o - 326 + 334. Calculate the remainder when q(-3) is divided by o.
7
Let n = -5 + 7. Let t(l) = 2*l**2 + 863*l - 2584. Calculate the remainder when -3 + 93 - n*1 is divided by t(3).
19
Suppose 110*z + 294 = 131*z. What is the remainder when (-519)/(-12) + 1/(-4) is divided by z?
1
Let d(r) = -r + 4. Let s be d(6). Let k be (8/(-28))/(s/14) - -2. Suppose 4*c - k*n = 2*c + 30, 25 = 5*n. Calculate the remainder when c is divided by 15.
10
Let f(b) = -7*b**2 - 11*b - 59. Let p(q) = q**3 + q**2 - q - 1. Let h(x) = -f(x) + p(x). What is the remainder when 295 is divided by h(-7)?
36
Suppose 2*b - y - 130 = 112, -500 = -4*b - 2*y. What is the remainder when 136 is divided by b?
13
Suppose -3*t + 6*t - 12 = 0. Suppose 0 = -4*m + 16, 4 = i + t*m - 9. What is the remainder when 46 is divided by -2 + 4/i*(-10 - -4)?
4
Let c = -266 - 42. Let q = c - -330. Suppose -2 - 10 = -3*m. Calculate the remainder when q is divided by m.
2
Let u(w) = 31*w - 50. Suppose -873 + 885 = 3*h. Calculate the remainder when 286 is divided by u(h).
64
Suppose 18*b + 3*b - 2166 = -17*b. What is the remainder when 424 is divided by b?
25
Suppose -342 = -4*c + 2*i, -58 = -2*c - 5*i + 131. Calculate the remainder when 1144 is divided by c.
13
Let u(n) = n**2 + 19*n - 165. What is the remainder when 110 is divided by u(-26)?
8
What is the remainder when 2019 is divided by (-1 + 5 + -1)/(-6*12/(-1152))?
3
What is the remainder when (4 - 7) + (-4268)/(-6) + 208/(-156) is divided by 118?
117
Let q(i) = 13*i**2 + 11*i - 1. Let z(d) = -17*d - 383. What is the remainder when z(-31) is divided by q(2)?
71
Let j(s) = 6*s**2 + 5*s - 11. Let p be j(5). Suppose 156*n = p*n - 216. What is the remainder when 105 is divided by n?
24
Let x = 826 + 125. Calculate the remainder when x is divided by 65.
41
Let g be -1*((-4)/(-9) + 77/9). What is the remainder when -2 - 2392/g - (-74)/333 is divided by 30?
24
Let v(f) = 3*f + 25. Let h(q) = -q. Let c(w) = 2*h(w) + v(w). Calculate the remainder when ((-1550)/12)/(-1) + (-3)/18 is divided by c(19).
41
Let g(t) = -t**2 + 7*t + 2. Let h be -2*(10/7)/((-8)/14). What is the remainder when g(5) is divided by (h/(-20))/(5/(-140))?
5
Let f(a) = -2*a**2 - 199*a - 57. What is the remainder when f(-64) is divided by 50?
37
Suppose u = -4*y - 1, -11*y + 14*y + 41 = u. Calculate the remainder when 11221 is divided by u.
20
Suppose 5 = 23*h - 22*h. Suppose -3*u + 69 = h*p - 30, -19 = -u + 3*p. Calculate the remainder when 138 is divided by u.
26
Suppose -3*h - 2*h + 192 = -3*u, 4*h = -u + 140. Suppose h*c - 560 = 22*c. What is the remainder when 68 is divided by c?
28
Suppose -12*b = -562 - 1838. What is the remainder when 1381 is divided by b?
181
Let u be 12/28 - (-4674)/21. Suppose -227 = -m - u. What is the remainder when 43 is divided by m?
3
Let d = -13175 + 13161. Let v(r) = r**3 - r**2 - 3*r - 1. Let x be v(5). Let g = x - d. What is the remainder when g is divided by 51?
47
Let s = 4360 - 2381. What is the remainder when s is divided by 124?
119
Let f = -2563 + 3394. Calculate the remainder when f is divided by 172.
143
Let t be (-4)/((-28)/(-77))*(-3 + -1). Let c = t - 41. Suppose 2*z - 157 = -b, 395 = 7*z - 2*z + c*b. What is the remainder when z is divided by 26?
24
Calculate the remainder when 352 is divided by ((-5)/30)/((-1)/534).
85
Let g(r) = -254*r - 290. What is the remainder when g(-2) is divided by 54?
2
Suppose -5*t - 5*m + 4*m = 836, -5*t = -2*m + 833. Let l = 298 + t. Let a = -70 + l. Calculate the remainder when a is divided by 9.
7
Suppose 85*r = -19*r - 38*r + 4260. Let j = 91 - 34. Let t = -39 + j. What is the remainder when r is divided by t?
12
Let k(a) = 2*a**3 - 10*a**2 + 10*a + 3. Let s be k(6). Let h = s - 68. Let x = h + -10. What is the remainder when x is divided by 15?
12
What is the remainder when 8609 is divided by (2747/134)/(3/30)?
204
Let u(p) = -2*p - 20. Let d = -90 - -64. Let b = 47 + d. What is the remainder when b is divided by u(-13)?
3
Let q = 80 - 88. Let s(t) = -t**2 - 10*t - 11. Let r be s(q). Suppose r = -4*y + 1, 4*b - 177 = y. Calculate the remainder when b is divided by 16.
12
What is the remainder when (-2 - 0)/((-3519968)/121376 + 29) is divided by 190?
183
Suppose 0 = -2*z + 5*v + 14 - 102, -132 = 3*z - 5*v. Let x = 80 + -148. Let s = z - x. What is the remainder when 46 is divided by s?
22
Suppose d + 5 = 0, d - 115 = -3*s - s. Let w = -291 + 499. Calculate the remainder when w is divided by s.
28
Suppose s - 22 = -0*s - 2*h, 5*s - 155 = 5*h. Let o = -118490 + 118563. What is the remainder when o is divided by s?
17
Let j(p) = -65*p**3 + 88*p**2 + 356*p + 21. What is the remainder when j(-4) is divided by 380?
365
Let p = -13648 + 14734. What is the remainder when p is divided by 93?
63
What is the remainder when 451 is divided by 171/(6*5/20)?
109
Let r be 815/(-20) + 12/16. Let o = -55 + -12. Let b = r - o. Calculate the remainder when 79 is divided by b.
25
Suppose 35*l - 522 - 579 = 124. Suppose 126 = h - 5*s, -3*s + s + 684 = 5*h. What is the remainder when h is divided by l?
31
Suppose 0*k + 2*k - 358 = 0. Suppose -4*y = -5*s - 193, 2*y - 324 + 245 = 5*s. Calculate the remainder when k is divided by y.
8
Suppose -108*g - 104 = -116*g. Suppose 2*i - 72 - 38 = 0. Calculate the remainder when i is divided by g.
3
What is the remainder when 782 is divided by (-4)/(-14) - (22 + 6775/(-175))?
0
Suppose 127*i - 217310 - 234886 = -350*i. What is the remainder when i is divided by 80?
68
Suppose 3*a - n + 2836 = 7219, -4347 = -3*a - 5*n. Calculate the remainder when a is divided by 20.
19
What is the remainder when 322 is divided by (-2)/28*-6 - (-10224)/252?
35
Suppose r + 10*k - 180 = 7*k, -3*r = k - 540. Calculate the remainder when (266/21)/(8/r) is divided by 16.
13
Let l be 19/(133/(-4))*-7. Let j(d) = -4*d**2 + 36*d - 4. What is the remainder when 155 is divided by j(l)?
3
Suppose -3*y - 2*y = -b - 20, -4*y = b - 7. Suppose -y*s + 140 = s. Suppose -5*a + 61 = -2*a + z, a - 25 = 2*z. What is the remainder when s is divided by a?
14
Let f be 1 - (-1 + 3) - 13*-27. Let v = -326 + f. What is the remainder when v is divided by 8?
0
Suppose -200*s + 3*p = -199*s - 177, -2*s + 5*p + 354 = 0. Suppose -3*m - 56 = -4*f, -f + 6 = -2*m - 3. What is the remainder when s is divided by f?
7
Let i be ((-80)/76)/(-10) + (-186)/(-38). Suppose -5*d - 8*o + 73 = -4*o, o - 67 = -i*d. Calculate the remainder when 76 is divided by d.
11
What is the remainder when (-674)/((-2)/(-5) - (-17)/((-3570)/224)) is divided by 102?
93
What is the remainder when (-6)/((-28)/266 - 0) is divided by 5?
2
Let l(p) = -6*p + 119. Let d be 0/(-25) + 0 + -24. Calculate the remainder when l(d) is divided by 22.
21
Let w(h) be the second derivative of h**5/10 + h**4/4 - 2*h**3/3 + h**2/2 + 107*h. Let g = -18 + 41. Calculate the remainder when g is divided by w(-2).
3
Let a(n) = -n**3 - 40*n**2 + 45*n + 194. Suppose -2*b + 112 + 144 = 4*y, 0 = 2*b - 5*y - 211. What is the remainder when b is divided by a(-41)?
28
Suppose -2*l - 3314 = -g, 0 = -3*g - 4*l + 15101 - 5169. Suppose -5*k = -k - g. Suppose -11*v = v - k. What is the remainder when v is divided by 15?
9
Let f = -130 - -146. Let h be (7/(-2))/(-7)*36. What is the remainder when f is divided by (h/4)/((-13)/(-26))?
7
Suppose 4*s - 4*n + 24 = -0*s, -3*s - n = 6. Let b = s + 3. Suppose b*y + 2*y = 4. Calculate the remainder when y is divided by 1.
0
Let f = -20981 + 21144. What is the remainder when 558 is divided by f?
69
Let x be 54/108*6/(-1). Let b = x + 44. Calculate the remainder when b is divided by 25.
16
Let z(c) = 4*c**2 + c - 2. Let h be z(1). Suppose h = -w - 0. Let p(j) = -j**3 - j**2 - j - 4. Calculate the remainder when p(w) is divided by 7.
3
Suppose -25*z + 49231 + 7419 = 0. Suppose 0 = s + 2257 - z. Calculate the remainder when s is divided by 2.
1
Let j = 16639 + -